{"id":42,"date":"2013-06-17T12:31:54","date_gmt":"2013-06-17T10:31:54","guid":{"rendered":"\/enzuazua\/?page_id=42"},"modified":"2025-04-09T05:07:45","modified_gmt":"2025-04-09T03:07:45","slug":"about-me","status":"publish","type":"page","link":"https:\/\/cmc.deusto.eus\/enzuazua\/about-me\/","title":{"rendered":"Enrique Zuazua"},"content":{"rendered":"<div class=\"su-tabs su-tabs-style-default su-tabs-mobile-stack\" data-active=\"1\" data-scroll-offset=\"0\" data-anchor-in-url=\"no\"><div class=\"su-tabs-nav\"><span class=\"\" data-url=\"\" data-target=\"blank\" tabindex=\"0\" role=\"button\">About me<\/span><span class=\"\" data-url=\"\" data-target=\"blank\" tabindex=\"0\" role=\"button\">Sobre m\u00ed<\/span><span class=\"\" data-url=\"\" data-target=\"blank\" tabindex=\"0\" role=\"button\">Niri buruz- (euskera)<\/span><\/div><div class=\"su-tabs-panes\"><div class=\"su-tabs-pane su-u-clearfix su-u-trim\" data-title=\"About me\"> <img decoding=\"async\" class=\"wp-image-7553 alignleft lazyload\" data-src=\"https:\/\/cmc.deusto.eus\/enzuazua\/wp-content\/uploads\/2019\/12\/enrique-zuazua-profile.jpeg\" alt=\"\" width=\"225\" height=\"225\" data-srcset=\"https:\/\/cmc.deusto.eus\/enzuazua\/wp-content\/uploads\/2019\/12\/enrique-zuazua-profile.jpeg 225w, https:\/\/cmc.deusto.eus\/enzuazua\/wp-content\/uploads\/2019\/12\/enrique-zuazua-profile-150x150.jpeg 150w, https:\/\/cmc.deusto.eus\/enzuazua\/wp-content\/uploads\/2019\/12\/enrique-zuazua-profile-50x50.jpeg 50w, https:\/\/cmc.deusto.eus\/enzuazua\/wp-content\/uploads\/2019\/12\/enrique-zuazua-profile-80x80.jpeg 80w\" data-sizes=\"(max-width: 225px) 100vw, 225px\" src=\"data:image\/svg+xml;base64,PHN2ZyB3aWR0aD0iMSIgaGVpZ2h0PSIxIiB4bWxucz0iaHR0cDovL3d3dy53My5vcmcvMjAwMC9zdmciPjwvc3ZnPg==\" style=\"--smush-placeholder-width: 225px; --smush-placeholder-aspect-ratio: 225\/225;\" \/><\/p>\n<p>Hi, there!<\/p>\n<p>I&#8217;m\u00a0<a href=\"http:\/\/paginaspersonales.deusto.es\/enrique.zuazua\/\" target=\"_blank\" rel=\"noopener noreferrer\">Enrique<\/a>, a math passionate. My unforgettable and pushful parents (Mar\u00eda Pilar and Gonzalo) bringed me to life (1961) in <a href=\"https:\/\/cmc.deusto.eus\/enzuazua\/eibar-ciudad-de-la-ciencia\/\" target=\"_blank\" rel=\"noopener noreferrer\">Eibar\u00a0&#8220;City of Science&#8221;<\/a>,\u00a0a magical land from Basque Country (Euskadi) in the north of Spain, where kind and work people live and talk\u00a0<a href=\"https:\/\/en.wikipedia.org\/wiki\/Basque_language\" target=\"_blank\" rel=\"noopener noreferrer\">Euskera<\/a>,\u00a0a beautiful but very antique minority language still endangered.<\/p>\n<p>I&#8217;m a mathematician but\u00a0<a href=\"https:\/\/cmc.deusto.eus\/enzuazua\/category\/beyond-math\/\" target=\"_blank\" rel=\"noopener noreferrer\">more than a profession<\/a>\u00a0I&#8217;m a strong believer\u00a0<i>Mathematics as the essence of all around us:\u00a0<\/i>what we do, what we think or even feel&#8230;is part of Nature, Arts, Medicine, Social and Biological Sciences, Aeronautics, Earth and Universe. Don&#8217;t you think? Anything you can imagine lies in Math and that&#8217;s why I&#8217;ve spent all my life looking for that special meaning, doing\u00a0<a href=\"https:\/\/cmc.deusto.eus\/enzuazua\/research\/\" target=\"_blank\" rel=\"noopener noreferrer\">Research<\/a>\u00a0specially in\u00a0Partial Differential Equations (PDE), Numerical Analysis, Control Theory,Optimal Design, Data Sciences and Industrial Transfer.<\/p>\n<p>I started my studies in 1984, when I got my Bachelor degree in Mathematics from UPV\/EHU &#8211; University of the Basque Country. Then in 1985 I got my DEA\/Master in Numerical Analysis from Universit\u00e9 Pierre et Marie Curie, Paris &#8211; France. And after that, I got my two dual PhDs in Mathematics, from UPV\/EHU &#8211; University of the Basque Country, Spain (1987) and Universit\u00e9 Pierre et Marie Curie, Paris &#8211; France (1988). Since then I certainly feel grateful and recognized for the relatively high impact on my work (<a href=\"https:\/\/publons.com\/researcher\/3418901\/enrique-zuazua\/\" target=\"_blank\" rel=\"noopener noreferrer\">h-index = 41<\/a>) and for all the young fellows I supervised and the many colleagues I had the opportunity to collaborate with!<\/p>\n<p>Currently I lead from Germany the\u00a0<a href=\"https:\/\/dcn.nat.fau.eu\/\" target=\"_blank\" rel=\"noopener noreferrer\">Chair for Dynamics, Control, Machine Learning and Numerics<\/a>\u00a0&#8211; Alexander von Humboldt Professorship at FAU &#8211; Friedrich Alexander Universit\u00e4t, Erlangen &#8211; N\u00fcrnberg (2019 &#8211; current). Since 2016 I&#8217;ve been doing as Distinguished Senior Researcher and\u00a0<a href=\"https:\/\/cmc.deusto.eus\/enrique-zuazua\/\" target=\"_blank\" rel=\"noopener noreferrer\">Director<\/a>\u00a0of the\u00a0<a href=\"https:\/\/cmc.deusto.eus\/\" target=\"_blank\" rel=\"noopener noreferrer\">DeustoCCM<\/a>, the Chair of Computational Mathematics at Deusto Foundation\/University of Deusto, Bilbao, Basque Country &#8211; Spain (2016 &#8211; current) and since 2001 as\u00a0<a href=\"http:\/\/verso.mat.uam.es\/web\/index.php\/es\/\" target=\"_blank\" rel=\"noopener noreferrer\">Professor in Applied Mathematics<\/a>\u00a0of the UAM -Universidad Aut\u00f3noma de Madrid &#8211; Spain (2001 &#8211; current).<\/p>\n<p>I confess myself as a mathematician passionate and a humanistic\u00a0lover:\u00a0<a href=\"https:\/\/cmc.deusto.eus\/enzuazua\/category\/math-in-motion\/\" target=\"_blank\" rel=\"noopener noreferrer\">Mathematics as a Science<\/a>\u00a0finds answers in a very deep, highest with an almost religious level, and at the same time is an\u00a0<a href=\"https:\/\/cmc.deusto.eus\/enzuazua\/category\/beyond-math\/\" target=\"_blank\" rel=\"noopener noreferrer\">intellectual and humanistic activity<\/a>\u00a0in a pretty high level that touches Arts and hardest Technology alike. I could not imagine that &#8220;If you like Math, why don&#8217;t you do it,\u00a0then?&#8221; my brother Alberto asked me once could be the start of the man I am today, all awards and distinctions I got like,\u00a0<a href=\"https:\/\/cmc.deusto.eus\/enzuazua\/?s=Txopitea+eta+Pakea\" target=\"_blank\" rel=\"noopener noreferrer\">Txopitea eta Pakea<\/a>,\u00a0<a href=\"https:\/\/www.humboldt-professur.de\/en\/preistraeger\/preistraeger-2019\/zuazua-enrique\" target=\"_blank\" rel=\"noopener noreferrer\">Alexander Von Humboldt Professorship<\/a>,\u00a0<a href=\"https:\/\/www.fau.eu\/alumni\/research-alumni\/fau-ambassadors\/prof-dr-enrique-zuazua\/\" target=\"_blank\" rel=\"noopener noreferrer\">Ambassador of Friedrich-Alexander-<wbr \/>Universit\u00e4t Erlangen-N\u00fcrnberg<\/a>,\u00a0<a href=\"https:\/\/cmc.deusto.eus\/enzuazua\/premio-nacional-julio-rey-pastor\/\" target=\"_blank\" rel=\"noopener noreferrer\">Julio Rey Pastor Spanish National Prize<\/a>, and more&#8230;wow! I really feel honored for all of them! Thank you very much!<br \/>\n<!-- http:\/\/paginaspersonales.deusto.es\/enrique.zuazua\/ --><br \/>\n*Find\u00a0<a href=\"https:\/\/dcn.nat.fau.eu\/zuazua\/\" target=\"_blank\" rel=\"noopener noreferrer\">my CV &amp; full profile<\/a>\u00a0about my work and experience.<\/p>\n<p>For all people out there, especially\u00a0<a href=\"https:\/\/cmc.deusto.eus\/enzuazua\/la-uni\/\" target=\"_blank\" rel=\"noopener noreferrer\">students\u00a0<\/a>and\u00a0<a href=\"https:\/\/cmc.deusto.eus\/enzuazua\/?s=sociedad\" target=\"_blank\" rel=\"noopener noreferrer\">Societ<wbr \/>y<\/a>: I will keep working tirelessly for the best version of us, of course with Math! \ud83d\ude09<\/p>\n<p>Hope you enjoy\u00a0<b>enzuazua<\/b>:\u00a0<a href=\"https:\/\/cmc.deusto.eus\/enzuazua\/category\/math-in-motion\/\" target=\"_blank\" rel=\"noopener noreferrer\">Math in Motion<\/a>\u00a0|\u00a0<a href=\"https:\/\/cmc.deusto.eus\/enzuazua\/category\/beyond-math\/\" target=\"_blank\" rel=\"noopener noreferrer\">Beyond Math<\/a>\u00a0|\u00a0<a href=\"https:\/\/cmc.deusto.eus\/enzuazua\/category\/mediateka\/\" target=\"_blank\" rel=\"noopener noreferrer\">Mediateka<\/a>\u00a0as much as I do!<\/p>\n<p>Be welcomed to read &amp; share!<br \/>\n<strong>Enrique Zuazua Iriondo<\/strong><\/p>\n<\/div>\n<div class=\"su-tabs-pane su-u-clearfix su-u-trim\" data-title=\"Sobre m\u00ed\">\n<img decoding=\"async\" class=\"size-full wp-image-7553 alignleft lazyload\" data-src=\"https:\/\/cmc.deusto.eus\/enzuazua\/wp-content\/uploads\/2019\/12\/enrique-zuazua-profile.jpeg\" alt=\"\" width=\"225\" height=\"225\" data-srcset=\"https:\/\/cmc.deusto.eus\/enzuazua\/wp-content\/uploads\/2019\/12\/enrique-zuazua-profile.jpeg 225w, https:\/\/cmc.deusto.eus\/enzuazua\/wp-content\/uploads\/2019\/12\/enrique-zuazua-profile-150x150.jpeg 150w, https:\/\/cmc.deusto.eus\/enzuazua\/wp-content\/uploads\/2019\/12\/enrique-zuazua-profile-50x50.jpeg 50w, https:\/\/cmc.deusto.eus\/enzuazua\/wp-content\/uploads\/2019\/12\/enrique-zuazua-profile-80x80.jpeg 80w\" data-sizes=\"(max-width: 225px) 100vw, 225px\" src=\"data:image\/svg+xml;base64,PHN2ZyB3aWR0aD0iMSIgaGVpZ2h0PSIxIiB4bWxucz0iaHR0cDovL3d3dy53My5vcmcvMjAwMC9zdmciPjwvc3ZnPg==\" style=\"--smush-placeholder-width: 225px; --smush-placeholder-aspect-ratio: 225\/225;\" \/><\/p>\n<p>\u00a1Hola!<\/p>\n<p>Soy <a href=\"http:\/\/paginaspersonales.deusto.es\/enrique.zuazua\/\" target=\"_blank\" rel=\"noopener noreferrer\">Enrique<\/a>, un apasionado de las matem\u00e1ticas. Mis inolvidables e inscansables padres (Mar\u00eda Pilar y Gonzalo) me dieron la vida (1961) en <a href=\"https:\/\/cmc.deusto.eus\/enzuazua\/eibar-ciudad-de-la-ciencia\/\" target=\"_blank\" rel=\"noopener noreferrer\">Eibar \u201cCiudad de las Ciencias\u201d<\/a>, una tierra m\u00e1gica del Pa\u00eds Vasco (Euskadi) en el norte de Espa\u00f1a, donde vive gente amable que habla euskera, un idioma muy antiguo y hermoso pero minoritario en peligro de desaparecer.<\/p>\n<p>Soy matem\u00e1tico pero <a href=\"https:\/\/cmc.deusto.eus\/enzuazua\/category\/beyond-math\/\" target=\"_blank\" rel=\"noopener noreferrer\">m\u00e1s que una profesi\u00f3n<\/a> creo firmemente que <em>la Matem\u00e1ticas es la esencia de todo lo que nos rodea<\/em>: lo que hacemos, lo que pensamos o incluso sentimos&#8230;es parte de la Naturaleza, las Artes, la Medicina, las Ciencias Sociales y Biol\u00f3gicas, la Aeron\u00e1utica, la Tierra y el Universo \u00bfNo te parece? Todo lo que puedas imaginar est\u00e1 en las Matem\u00e1ticas y es por eso he pasado toda mi vida buscando ese significado especial, haciendo <a href=\"https:\/\/cmc.deusto.eus\/enzuazua\/research\/\" target=\"_blank\" rel=\"noopener noreferrer\">investigaci\u00f3n<\/a> especialmente en Ecuaciones Diferenciales Parciales (PDE), An\u00e1lisis Num\u00e9rico, Teor\u00eda de Control, Dise\u00f1o \u00d3ptimo, Ciencias de Datos y Transferencia Industrial.<\/p>\n<p>Inici\u00e9 mis estudios en 1984, cuando obtuve la Licenciatura en Matem\u00e1ticas por la UPV\/EHU &#8211; Universidad del Pa\u00eds Vasco. Luego, en 1985 obtuve mi DEA\/Maestr\u00eda en An\u00e1lisis Num\u00e9rico de la Universidad Pierre et Marie Curie, Par\u00eds &#8211; Francia. Y despu\u00e9s de eso, obtuve mis dos doctorados duales en Matem\u00e1ticas, de la UPV \/ EHU &#8211; Universidad del Pa\u00eds Vasco, Espa\u00f1a (1987) y la Universit\u00e9 Pierre et Marie Curie, Par\u00eds &#8211; Francia (1988). Desde entonces \u00a1me siento ciertamente agradecido y reconocido por el impacto relativamente alto en mi trabajo (<a href=\"https:\/\/publons.com\/researcher\/3418901\/enrique-zuazua\/\" target=\"_blank\" rel=\"noopener noreferrer\">\u00edndice h = 41<\/a>) y por todos los j\u00f3venes becarios que he supervisado y todos colegas con los que he tenido oportunidad de colaborar!<\/p>\n<p>Actualmente dirijo desde Alemania la <a href=\"https:\/\/en.www.math.fau.de\/applied-analysis\/\" target=\"_blank\" rel=\"noopener noreferrer\">C\u00e1tedra de An\u00e1lisis Aplicado<\/a> &#8211; C\u00e1tedra Alexander von Humboldt en la Universidad FAU &#8211; Friedrich Alexander Universit\u00e4t, Erlangen &#8211; N\u00fcrnberg (2019 &#8211; actualidad). Desde 2016 me desempe\u00f1o como Investigador Titular Distinguido y <a href=\"https:\/\/cmc.deusto.eus\/enrique-zuazua\/\" target=\"_blank\" rel=\"noopener noreferrer\">Director<\/a> de la C\u00e1tedra de Matem\u00e1tica Computacional, Fundaci\u00f3n Deusto\/Universidad de Deusto, Bilbao, Pa\u00eds Vasco &#8211; Espa\u00f1a (2016 &#8211; actualidad) y desde 2001 como <a href=\"http:\/\/verso.mat.uam.es\/web\/index.php\/es\/\" target=\"_blank\" rel=\"noopener noreferrer\">Catedr\u00e1tico de Matem\u00e1tica Aplicada de la UAM<\/a> -Universidad Aut\u00f3noma de Madrid &#8211; Espa\u00f1a (2001 &#8211; actualidad).<\/p>\n<p>Me autoconfieso un matem\u00e1tico apasionado y a la vez un amante humanista: la <a href=\"https:\/\/cmc.deusto.eus\/enzuazua\/category\/math-in-motion\/\" target=\"_blank\" rel=\"noopener noreferrer\">Matem\u00e1tica como Ciencia<\/a> encuentra respuestas en el m\u00e1s alto y profundo nivel casi religioso y al mismo tiempo es una <a href=\"https:\/\/cmc.deusto.eus\/enzuazua\/category\/beyond-math\/\" target=\"_blank\" rel=\"noopener noreferrer\">actividad intelectual y humanista<\/a> en un alt\u00edsimo nivel que roza las Artes y la m\u00e1s complicada Tecnolog\u00eda por igual. C\u00f3mo podr\u00eda imagina que aqu\u00e9l &#8220;\u00bfSi te gustan las Matem\u00e1ticas, por qu\u00e9 no lo haces entonces?&#8221; que mi hermano me dijo una vez pudiese ser el comienzo del hombre que soy hoy, todos los premios y distinciones que he obtenido, como <a href=\"https:\/\/cmc.deusto.eus\/enzuazua\/?s=Txopitea+eta+Pakea\" target=\"_blank\" rel=\"noopener noreferrer\">Txopitea eta Pakea<\/a>, la <a href=\"https:\/\/www.humboldt-professur.de\/en\/preistraeger\/preistraeger-2019\/zuazua-enrique\" target=\"_blank\" rel=\"noopener noreferrer\">C\u00e1tedra Alexander von Humboldt<\/a>, <a href=\"https:\/\/www.fau.eu\/alumni\/research-alumni\/fau-ambassadors\/prof-dr-enrique-zuazua\/\" target=\"_blank\" rel=\"noopener noreferrer\">Embajador de la FAU<\/a> Friedrich-Alexander-Universit\u00e4t Erlangen-N\u00fcrnberg, el <a href=\"https:\/\/cmc.deusto.eus\/enzuazua\/premio-nacional-julio-rey-pastor\/\" target=\"_blank\" rel=\"noopener noreferrer\">Premio Nacional de Espa\u00f1a Julio Rey Pastor<\/a> y m\u00e1s&#8230;\u00a1Guau, realmente me siento honrado por todos ellos. Muchas gracias!<\/p>\n<p>*Puedes ver mi <a href=\"https:\/\/dcn.nat.fau.eu\/zuazua\/\" target=\"_blank\" rel=\"noopener noreferrer\">perfil completo y mi CV<\/a> sobre mi trabajo y experiencia.<\/p>\n<p>Para todas las personas, especialmente los <a href=\"https:\/\/cmc.deusto.eus\/enzuazua\/la-uni\/\" target=\"_blank\" rel=\"noopener noreferrer\">estudiantes<\/a> y la <a href=\"https:\/\/cmc.deusto.eus\/enzuazua\/?s=sociedad\" target=\"_blank\" rel=\"noopener noreferrer\">Sociedad<\/a>: seguir\u00e9 trabajando incansablemente para obtener la mejor versi\u00f3n de nosotros \u00a1por supuesto con Matem\u00e1ticas! \ud83d\ude09<\/p>\n<p>\u00a1Espero que disfrutes de enzuazua: <a href=\"https:\/\/cmc.deusto.eus\/enzuazua\/category\/math-in-motion\/\" target=\"_blank\" rel=\"noopener noreferrer\">Math in Motion<\/a> (Matem\u00e1ticas en movimiento) | <a href=\"https:\/\/cmc.deusto.eus\/enzuazua\/category\/beyond-math\/\" target=\"_blank\" rel=\"noopener noreferrer\">Beyond Math<\/a> (M\u00e1s all\u00e1 de las matem\u00e1ticas) | <a href=\"https:\/\/cmc.deusto.eus\/enzuazua\/category\/mediateka\/\" target=\"_blank\" rel=\"noopener noreferrer\">Mediateka<\/a> tanto como yo!<\/p>\n<p>Bienvenido a leer \u00a1y compartir!<\/p>\n<p><strong>Enrique Zuazua Iriondo<\/strong><\/p>\n<\/div>\n<div class=\"su-tabs-pane su-u-clearfix su-u-trim\" data-title=\"Niri buruz- (euskera)\">\n<img decoding=\"async\" class=\"size-full wp-image-7553 alignleft lazyload\" data-src=\"https:\/\/cmc.deusto.eus\/enzuazua\/wp-content\/uploads\/2019\/12\/enrique-zuazua-profile.jpeg\" alt=\"\" width=\"225\" height=\"225\" data-srcset=\"https:\/\/cmc.deusto.eus\/enzuazua\/wp-content\/uploads\/2019\/12\/enrique-zuazua-profile.jpeg 225w, https:\/\/cmc.deusto.eus\/enzuazua\/wp-content\/uploads\/2019\/12\/enrique-zuazua-profile-150x150.jpeg 150w, https:\/\/cmc.deusto.eus\/enzuazua\/wp-content\/uploads\/2019\/12\/enrique-zuazua-profile-50x50.jpeg 50w, https:\/\/cmc.deusto.eus\/enzuazua\/wp-content\/uploads\/2019\/12\/enrique-zuazua-profile-80x80.jpeg 80w\" data-sizes=\"(max-width: 225px) 100vw, 225px\" src=\"data:image\/svg+xml;base64,PHN2ZyB3aWR0aD0iMSIgaGVpZ2h0PSIxIiB4bWxucz0iaHR0cDovL3d3dy53My5vcmcvMjAwMC9zdmciPjwvc3ZnPg==\" style=\"--smush-placeholder-width: 225px; --smush-placeholder-aspect-ratio: 225\/225;\" \/><\/p>\n<p>Kaixo!<br \/>\n<a href=\"http:\/\/paginaspersonales.deusto.es\/enrique.zuazua\/\"><span style=\"font-weight: 400;\">Enrique naiz<\/span><\/a>, matematika zale sutsua. Mar\u00eda Pilar eta Gonzalo guraso ahaztezin eta kementsuek ekarri ninduten mundura (1961), Eibarren, <span style=\"font-weight: 400;\">\u00a0<\/span><a href=\"https:\/\/cmc.deusto.eus\/enzuazua\/eibar-ciudad-de-la-ciencia\/\"><span style=\"font-weight: 400;\">Eibarren, &#8220;Zientziaren Hirian&#8221;<\/span><\/a>, Euskal Herriko lur magiko batean, Espainiako iparraldean. Herritar atseginak eta langileak bizi dira bertan eta euskara hitz egiten dute, hizkuntza ederra, oso antzinakoa, baina gutxitua eta oraindik arriskuan dagoena.<\/p>\n<p>Matematikaria naiz, baina\u00a0<a href=\"https:\/\/cmc.deusto.eus\/enzuazua\/category\/beyond-math\/\"><span style=\"font-weight: 400;\">lanbidea baino gehiago<\/span><\/a>, zinez uste dut Matematika dela gure inguruko guztiaren funtsa: egiten dugunarena, pentsatzen dugunarena edo sentitzen dugunarena&#8230; Naturaren zati da, Artearena, Medikuntzarena, Gizarte eta Biologia Zientziena, Aeronautikarena, Lurrarena eta Unibertsoarena. Ez al duzu uste? Irudika dezakezun guztia Matematikaren gainean eraikitzen da eta horregatik eman dut bizitza osoa esanahi berezi horren bila, <a href=\"https:\/\/cmc.deusto.eus\/enzuazua\/research\/\"><span style=\"font-weight: 400;\">Ikerketan<\/span><\/a>, bereziki esparru hauetan: ekuazio diferentzia partzialak (PDE), zenbakizko analisia, kontrol teoria, diseinu optimoa, datuen zientziak eta industria transferentzia.<\/p>\n<p>1984an eskuratu nuen Matematikako lizentziatura Euskal Herriko Unibertsitatean (UPV-EHUn). Ondoren, 1985ean, Zenbakizko Analisiko Ikasketa Aurreratuen Diploma\/Masterra eskuratu nuen, Pariseko (Frantzia) Universit\u00e9 Pierre et Marie Curie unibertsitatean. Eta jarraian, Matematikako doktorego bikoitza lortu nuen, EHU-Euskal Herriko Unibertsitatean (1987) eta Pariseko (Frantzia) Universit\u00e9 Pierre et Marie Curie unibertsitatean (1988). Orduz geroztik, aitortua sentitzen naiz eta esker ona adierazi beharrean nago nire lanak inpaktu nahiko handia duelako (<a href=\"https:\/\/publons.com\/researcher\/3418901\/enrique-zuazua\/\"><span style=\"font-weight: 400;\">h-index = 41<\/span><\/a>), hainbat gaztek lan egin dutelako nire ardurapean eta jakitun askorekin lankidetzan aritzeko aukera izan dudalako.<\/p>\n<p>Gaur egun, Alemanian ari naiz lanean, <a href=\"https:\/\/es.www.math.fau.de\/applied-analysis\/\"><span style=\"font-weight: 400;\">Analisi Aplikatuko<\/span><\/a> &#8211; Alexander von Humboldt katedraren buru, FAU-Friedrich Alexander Universit\u00e4t unibertsitatean, Erlangen-N\u00fcrnbergen (2019tik gaur egunera arte). 2016. urteaz geroztik, ikertzaile seniorra eta <a href=\"https:\/\/cmc.deusto.eus\/enrique-zuazua\/\"><span style=\"font-weight: 400;\">Matematika Konputazionaleko Katedraren<\/span><\/a><a href=\"https:\/\/cmc.deusto.eus\/\"><span style=\"font-weight: 400;\"> zuzendaria<\/span><\/a> naiz Deustu Fundazioan, Bilbon, Euskal Herrian (2016tik gaur egunera arte) eta 2001. urteaz geroztik, <span style=\"font-weight: 400;\">\u00a0<\/span><a href=\"http:\/\/verso.mat.uam.es\/web\/index.php\/es\/\"><span style=\"font-weight: 400;\">Matematika Aplikatuko katedraduna<\/span><\/a>, Madrilgo Unibertsitate Autonomoan, Espainian (2001etik gaur egunera arte).<\/p>\n<p>Matematikari sutsua eta humanismoaren zalea naizela aitortzen dut: <a href=\"https:\/\/cmc.deusto.eus\/enzuazua\/category\/beyond-math\/\"><span style=\"font-weight: 400;\">Matematikak, Zientzia<\/span><\/a> gisa, oso maila sakonetan eta gorenetan aurkitzen ditu erantzunak, ia maila erlijiosoan, eta aldi berean, <span style=\"font-weight: 400;\">\u00a0<\/span><a href=\"https:\/\/cmc.deusto.eus\/enzuazua\/category\/beyond-math\/\"><span style=\"font-weight: 400;\">jarduera intelektuala eta humanista<\/span><\/a> da, neurri handi batean, Arteei eta Teknologia gogorrenari lotuta. Ez nuen pentsatuko anaia Albertok behin egin zidan galdera, &#8220;Matematika gustatzen bazaizu, zergatik ez duzu hori egiten?&#8221;, gaur egun naizenaren abiapuntua izango zenik, jaso ditudan sari eta aipamen guztien hasiera, horien artean, <a href=\"https:\/\/cmc.deusto.eus\/enzuazua\/?s=Txopitea+eta+Pakea\"><span style=\"font-weight: 400;\">Txopitea eta Pakea<\/span><\/a><span style=\"font-weight: 400;\">, <\/span><a href=\"https:\/\/www.humboldt-professur.de\/eu\/preistraeger\/preistraeger-2019\/zuazua-enrique\"><span style=\"font-weight: 400;\">Alexander Von Humbolt katedra<\/span><\/a><span style=\"font-weight: 400;\">, <\/span><a href=\"https:\/\/www.fau.eu\/alumni\/research-alumni\/fau-ambassadors\/prof-dr-enrique-zuazua\/\"><span style=\"font-weight: 400;\">Erlangen-N\u00fcrnberg-eko Friedrich-Alexander-Universit\u00e4t unibertsitateko enbaxadorea<\/span><\/a><span style=\"font-weight: 400;\">, <\/span><a href=\"https:\/\/cmc.deusto.eus\/enzuazua\/premio-nacional-julio-rey-pastor\/\"><span style=\"font-weight: 400;\">Espainiako Julio Rey Pastor sari nazionala<\/span><\/a><span style=\"font-weight: 400;\">,<\/span>\u00a0eta abar&#8230; uau! Ohore handia da horiek guztiak jasotzea! Mila esker!<br \/>\n*Aurkitu <a href=\"http:\/\/paginaspersonales.deusto.es\/enrique.zuazua\/\"><span style=\"font-weight: 400;\">nire curriculum eta profil osoa<\/span><\/a>, nire lanari eta esperientziari buruz.<br \/>\nDenoi diotsuet, batez ere <span style=\"font-weight: 400;\">\u00a0<\/span><a href=\"https:\/\/cmc.deusto.eus\/enzuazua\/research\/\"><span style=\"font-weight: 400;\">ikasleei<\/span><\/a> <span style=\"font-weight: 400;\">eta <\/span><a href=\"https:\/\/cmc.deusto.eus\/enzuazua\/research\/\"><span style=\"font-weight: 400;\">gizarteari<\/span><\/a>: gogoz lan egiten jarraituko dut, geure bertsiorik onena lortzeko, Matematikarekin, noski!<\/p>\n<p>Enzuazua gozatzea espero dut: <a href=\"https:\/\/cmc.deusto.eus\/enzuazua\/category\/math-in-motion\/\" target=\"_blank\" rel=\"noopener noreferrer\">Math in Motion<\/a>\u00a0|\u00a0<a href=\"https:\/\/cmc.deusto.eus\/enzuazua\/category\/beyond-math\/\" target=\"_blank\" rel=\"noopener noreferrer\">Beyond Math<\/a>\u00a0|\u00a0<a href=\"https:\/\/cmc.deusto.eus\/enzuazua\/category\/mediateka\/\" target=\"_blank\" rel=\"noopener noreferrer\">Mediateka<\/a> nik gozatzen dudan bezainbeste!<\/p>\n<p>Ongi etorri! Irakurri eta partekatu!<br \/>\n<strong>Enrique Zuazua Iriondo<\/strong><\/p>\n<\/div><\/div><\/div>\n","protected":false},"excerpt":{"rendered":"","protected":false},"author":3,"featured_media":0,"parent":0,"menu_order":0,"comment_status":"closed","ping_status":"closed","template":"","meta":{"footnotes":""},"class_list":["post-42","page","type-page","status-publish","hentry"],"_links":{"self":[{"href":"https:\/\/cmc.deusto.eus\/enzuazua\/wp-json\/wp\/v2\/pages\/42","targetHints":{"allow":["GET"]}}],"collection":[{"href":"https:\/\/cmc.deusto.eus\/enzuazua\/wp-json\/wp\/v2\/pages"}],"about":[{"href":"https:\/\/cmc.deusto.eus\/enzuazua\/wp-json\/wp\/v2\/types\/page"}],"author":[{"embeddable":true,"href":"https:\/\/cmc.deusto.eus\/enzuazua\/wp-json\/wp\/v2\/users\/3"}],"replies":[{"embeddable":true,"href":"https:\/\/cmc.deusto.eus\/enzuazua\/wp-json\/wp\/v2\/comments?post=42"}],"version-history":[{"count":27,"href":"https:\/\/cmc.deusto.eus\/enzuazua\/wp-json\/wp\/v2\/pages\/42\/revisions"}],"predecessor-version":[{"id":9538,"href":"https:\/\/cmc.deusto.eus\/enzuazua\/wp-json\/wp\/v2\/pages\/42\/revisions\/9538"}],"wp:attachment":[{"href":"https:\/\/cmc.deusto.eus\/enzuazua\/wp-json\/wp\/v2\/media?parent=42"}],"curies":[{"name":"wp","href":"https:\/\/api.w.org\/{rel}","templated":true}]}}